{"id":3,"date":"2025-01-08T15:23:02","date_gmt":"2025-01-08T14:23:02","guid":{"rendered":"https:\/\/portaledellolio.it\/?page_id=3"},"modified":"2025-11-20T16:47:22","modified_gmt":"2025-11-20T15:47:22","slug":"privacy-policy","status":"publish","type":"page","link":"https:\/\/portaledellolio.it\/index.php\/privacy-policy\/","title":{"rendered":"Privacy Policy"},"content":{"rendered":"\t\t<div data-elementor-type=\"wp-page\" data-elementor-id=\"3\" class=\"elementor elementor-3\" data-elementor-post-type=\"page\">\n\t\t\t\t<div class=\"elementor-element elementor-element-3608be22 e-flex e-con-boxed e-con e-parent\" data-id=\"3608be22\" data-element_type=\"container\">\n\t\t\t\t\t<div class=\"e-con-inner\">\n\t\t\t\t<div class=\"elementor-element elementor-element-2c155ae8 elementor-widget elementor-widget-text-editor\" data-id=\"2c155ae8\" data-element_type=\"widget\" data-widget_type=\"text-editor.default\">\n\t\t\t\t<div class=\"elementor-widget-container\">\n\t\t\t\t\t\t\t\t\t\n<div class=\"inner-page-title\">\n<p class=\"p-lg\">ALLEGATO \u2013 INFORMATIVA SULLA PRIVACY E SUL TRATTAMENTO DEI DATI.<\/p>\n<\/div>\n<div class=\"txt-block legal-info\">\n<p>Informativa resa ai sensi degli articoli 13-14 del GDPR 2016\/679 (General Data Protection Regulation) ai sensi dell\u2019art. 13 del Regolamento UE 2016\/679 ed in relazione alle informazioni di cui si entrer\u00e0 in possesso, ai fini della tutela delle persone e altri soggetti in materia di trattamento di dati personali, si informa quanto segue: In conformit\u00e0 con quanto stabilito dal Regolamento UE n. 2016\/679 (di seguito, per brevit\u00e0, anche \u201cRegolamento\u201d o GDPR), ti informiamo che i dati personali da te conferiti saranno trattati secondo i principi di liceit\u00e0, correttezza e trasparenza.<\/p>\n<h4 class=\"s-30 w-700 wp-block-heading\">1. Titolare del trattamento<\/h4>\n<p>Titolare del trattamento \u00e8 NEXTFUTURE SRL, con sede in FOGGIA, VIA S. ALFONSO MARIA DE&#8217;LIGUORI 167-169. Dati di contatto: Email: amministrazione@nextfuture.it Tel. 0881.1896047. Vista la scala ridotta del trattamento e la natura dei dati personali trattati, non si \u00e8 ritenuta necessaria la nomina di un responsabile della protezione dei dati.<\/p>\n<h4 class=\"s-30 w-700\">2.Finalit\u00e0 del trattamento e base giuridica<\/h4>\n<p>I dati che raccogliamo sono necessari per adempiere agli obblighi precontrattuali, contrattuali, contabili e fiscali. I tuoi dati di contatto ci sono necessari per permetterci di avvertirti qualora fosse necessario cambiare i dettagli di un appuntamento o segnalarti imprevisti, nel nostro legittimo interesse. I dati verranno utilizzati allo scopo e per il fine di:<\/p>\n<ul class=\"simple-list\">\n<li class=\"list-item\">\n<p>Espletare le necessarie attivit\u00e0 di configurazione, installazione, manutenzione del software.<\/p>\n<\/li>\n<li class=\"list-item\">\n<p>Eseguire le previste attivit\u00e0 di assistenza, consulenza su dati logistici, fiscali e contabili.<\/p>\n<\/li>\n<li class=\"list-item\">\n<p>Eseguire statistiche relative a tempistiche modalit\u00e0 e risoluzione delle sue richieste di assistenza, manutenzione e consulenza.<\/p>\n<\/li>\n<li class=\"list-item\">\n<p>Eseguire il backup di tutti i dati del software Extravirgin sui nostri server ai fini di conservare delle copie di sicurezza dei vostri dati.<\/p>\n<\/li>\n<li class=\"list-item\">\n<p>Eseguire attivit\u00e0, verifiche e controlli allo scopo di fornire assistenza e correzioni sui dati dei vostri registri SIAN, sul sistema d\u2019interscambio dati dell\u2019Agenzia delle entrate e su eventuali ulteriori dati ufficiali<\/p>\n<\/li>\n<li class=\"list-item\">\n<p>Inviare email allo scopo di informare riguardo nuove funzionalit\u00e0 del software, modifiche normative, scadenze di contratto, avvenuti rinnovi, sospensioni di servizi o licenze.<\/p>\n<\/li>\n<\/ul>\n<ul class=\"simple-list\">\n<li class=\"list-item\">\n<p>Quaerat sodales sapien undo velna purus euismod purus velna blandit vitae auctor and congue magna tempor sapien gravida laoreet turpis urna augue, viverra a augue eget dictum tempor<\/p>\n<\/li>\n<li class=\"list-item\">\n<p>Nemo ipsam egestas volute turpis dolores ut aliquam quaerat sodales sapien congue and augue egestas<\/p>\n<\/li>\n<\/ul>\n<h4 class=\"s-30 w-700\">3. Destinatari o categoria di destinatari dei dati personali<\/h4>\n<p>I dati raccolti non saranno diffusi e non saranno oggetto di comunicazione senza tuo esplicito consenso, salvo le comunicazioni necessarie all\u2019adempimento degli obblighi di legge (consulenti e studi professionali, ad esempio studi di commercialisti). I tuoi dati potrebbero essere trasferiti in Stati membri dell\u2019Unione Europea e in Paesi terzi non appartenenti all\u2019Unione Europea, e comunque in paesi che garantiscono un livello adeguato di protezione dei dati e verso soggetti con i qali siano in essere strumenti contrattuali che offrono garanzie adeguate.<\/p>\n<h4 class=\"s-30 w-700\">4. Periodo di conservazione<\/h4>\n<p>Fatti salvi i termini decennali di conservazione dei soli documenti e relativi dati di natura civilistica, contabile e fiscale come previsti dalle leggi in vigore. Tutti i dati riferiti alle assistenze ed utilizzabili per mantenere uno storico al fine di erogare un servizio efficiente vengono conservati per tutta la durata del rapporto e successivamente per ulteriori 5 anni, salvo revoca del consenso o richiesta di cancellazione da parte tua.<\/p>\n<h4 class=\"s-30 w-700\">5. Obbligo di fornire i dati e conseguenze<\/h4>\n<p>Il conferimento dei dati \u00e8 necessario per l\u2019esecuzione del contratto e per adempiere agli obblighi legali e fiscali previsti dalle normative vigenti e\/o per esercitare un diritto del titolare previsto dalla normativa vigente. La mancata comunicazione dei tuoi dati personali in relazione alla finalit\u00e0 indicate nella presente informativa impedir\u00e0 l\u2019esecuzione del contratto e\/o del trattamento.<\/p>\n<h4 class=\"s-30 w-700\">6. I tuoi diritti<\/h4>\n<p>In qualunque momento puoi esercitare i tuoi diritti, come dall\u2019elenco che segue: Il diritto di essere informato. Hai il diritto di ricevere informazioni chiare, trasparenti e facilmente comprensibili sulle modalit\u00e0 in cui utilizziamo le tue informazioni e sui tuoi diritti. Questo \u00e8 il motivo per cui ti forniamo le informazioni attraverso questo documento. Il diritto di accesso. Hai il diritto di ottenere l\u2019accesso alle tue informazioni (se le stiamo trattando). Ci\u00f2 ti consentir\u00e0, ad esempio, di verificare che stiamo utilizzando le tue informazioni in conformit\u00e0 con la legislazione in materia di protezione dei dati. Il diritto alla rettifica. Hai il diritto di correggere le tue informazioni se sono imprecise o incomplete. Il diritto alla cancellazione. Questo \u00e8 anche noto come \u201cil diritto all\u2019oblio\u201d e, in termini semplici, ti consente di richiedere la cancellazione o la rimozione delle informazioni che ti riguardano. Tale diritto non \u00e8 assoluto e si applica solo in determinate circostanze. Il diritto alla limitazione del trattamento. Hai il diritto di \u201cbloccare\u201d o \u201csopprimere\u201d un ulteriore utilizzo delle tue informazioni. Quando il trattamento \u00e8 limitato, possiamo ancora conservare le tue informazioni, ma non utilizzarle ulteriormente. Per esercitare questi diritti puoi fare richiesta scritta al Titolare del Trattamento, i cui dati di contatto sono riportati al punto 1. Hai inoltre il diritto di inoltrare reclamo ad un\u2019autorit\u00e0 di controllo (il Garante Privacy).<\/p>\n<h4 class=\"s-30 w-700\">7. Categorie particolari di dati personali<\/h4>\n<p>I dati che raccogliamo sono di norma dati di tipo comune, e finalizzate ai soli scopi previsti per la fornitura dei prodotti e dei servizi richiesti, il cui trattamento per l\u2019esecuzione di un rapporto contrattuale o per l\u2019adempimento di obblighi di legge non richiede un tuo consenso esplicito.<\/p>\n<\/div>\t\t\t\t\t\t\t\t<\/div>\n\t\t\t\t<\/div>\n\t\t\t\t\t<\/div>\n\t\t\t\t<\/div>\n\t\t\t\t<\/div>\n\t\t","protected":false},"excerpt":{"rendered":"<p>ALLEGATO \u2013 INFORMATIVA SULLA PRIVACY E SUL TRATTAMENTO DEI DATI. Informativa resa ai sensi degli articoli 13-14 del GDPR 2016\/679 (General Data Protection Regulation) ai sensi dell\u2019art. 13 del Regolamento UE 2016\/679 ed in relazione alle informazioni di cui si entrer\u00e0 in possesso, ai fini della tutela delle persone e altri soggetti in materia di&hellip;<\/p>\n","protected":false},"author":1,"featured_media":0,"parent":0,"menu_order":0,"comment_status":"closed","ping_status":"open","template":"","meta":{"footnotes":""},"class_list":["post-3","page","type-page","status-publish","hentry","entry"],"_links":{"self":[{"href":"https:\/\/portaledellolio.it\/index.php\/wp-json\/wp\/v2\/pages\/3","targetHints":{"allow":["GET"]}}],"collection":[{"href":"https:\/\/portaledellolio.it\/index.php\/wp-json\/wp\/v2\/pages"}],"about":[{"href":"https:\/\/portaledellolio.it\/index.php\/wp-json\/wp\/v2\/types\/page"}],"author":[{"embeddable":true,"href":"https:\/\/portaledellolio.it\/index.php\/wp-json\/wp\/v2\/users\/1"}],"replies":[{"embeddable":true,"href":"https:\/\/portaledellolio.it\/index.php\/wp-json\/wp\/v2\/comments?post=3"}],"version-history":[{"count":3,"href":"https:\/\/portaledellolio.it\/index.php\/wp-json\/wp\/v2\/pages\/3\/revisions"}],"predecessor-version":[{"id":11287,"href":"https:\/\/portaledellolio.it\/index.php\/wp-json\/wp\/v2\/pages\/3\/revisions\/11287"}],"wp:attachment":[{"href":"https:\/\/portaledellolio.it\/index.php\/wp-json\/wp\/v2\/media?parent=3"}],"curies":[{"name":"wp","href":"https:\/\/api.w.org\/{rel}","templated":true}]}}

<div data-elementor-type="wp-page" data-elementor-id="3" class="elementor elementor-3" data-elementor-post-type="page">
				<div class="elementor-element elementor-element-3608be22 e-flex e-con-boxed e-con e-parent" data-id="3608be22" data-element_type="container">
					<div class="e-con-inner">
				<div class="elementor-element elementor-element-2c155ae8 elementor-widget elementor-widget-text-editor" data-id="2c155ae8" data-element_type="widget" data-widget_type="text-editor.default">
				<div class="elementor-widget-container">
									
<div class="inner-page-title">
<p class="p-lg">ALLEGATO – INFORMATIVA SULLA PRIVACY E SUL TRATTAMENTO DEI DATI.</p>
</div>
<div class="txt-block legal-info">
<p>Informativa resa ai sensi degli articoli 13-14 del GDPR 2016/679 (General Data Protection Regulation) ai sensi dell’art. 13 del Regolamento UE 2016/679 ed in relazione alle informazioni di cui si entrerà in possesso, ai fini della tutela delle persone e altri soggetti in materia di trattamento di dati personali, si informa quanto segue: In conformità con quanto stabilito dal Regolamento UE n. 2016/679 (di seguito, per brevità, anche “Regolamento” o GDPR), ti informiamo che i dati personali da te conferiti saranno trattati secondo i principi di liceità, correttezza e trasparenza.</p>
<h4 class="s-30 w-700 wp-block-heading">1. Titolare del trattamento</h4>
<p>Titolare del trattamento è NEXTFUTURE SRL, con sede in FOGGIA, VIA S. ALFONSO MARIA DE&#8217;LIGUORI 167-169. Dati di contatto: Email: amministrazione@nextfuture.it Tel. 0881.1896047. Vista la scala ridotta del trattamento e la natura dei dati personali trattati, non si è ritenuta necessaria la nomina di un responsabile della protezione dei dati.</p>
<h4 class="s-30 w-700">2.Finalità del trattamento e base giuridica</h4>
<p>I dati che raccogliamo sono necessari per adempiere agli obblighi precontrattuali, contrattuali, contabili e fiscali. I tuoi dati di contatto ci sono necessari per permetterci di avvertirti qualora fosse necessario cambiare i dettagli di un appuntamento o segnalarti imprevisti, nel nostro legittimo interesse. I dati verranno utilizzati allo scopo e per il fine di:</p>
<ul class="simple-list">
<li class="list-item">
<p>Espletare le necessarie attività di configurazione, installazione, manutenzione del software.</p>
</li>
<li class="list-item">
<p>Eseguire le previste attività di assistenza, consulenza su dati logistici, fiscali e contabili.</p>
</li>
<li class="list-item">
<p>Eseguire statistiche relative a tempistiche modalità e risoluzione delle sue richieste di assistenza, manutenzione e consulenza.</p>
</li>
<li class="list-item">
<p>Eseguire il backup di tutti i dati del software Extravirgin sui nostri server ai fini di conservare delle copie di sicurezza dei vostri dati.</p>
</li>
<li class="list-item">
<p>Eseguire attività, verifiche e controlli allo scopo di fornire assistenza e correzioni sui dati dei vostri registri SIAN, sul sistema d’interscambio dati dell’Agenzia delle entrate e su eventuali ulteriori dati ufficiali</p>
</li>
<li class="list-item">
<p>Inviare email allo scopo di informare riguardo nuove funzionalità del software, modifiche normative, scadenze di contratto, avvenuti rinnovi, sospensioni di servizi o licenze.</p>
</li>
</ul>
<ul class="simple-list">
<li class="list-item">
<p>Quaerat sodales sapien undo velna purus euismod purus velna blandit vitae auctor and congue magna tempor sapien gravida laoreet turpis urna augue, viverra a augue eget dictum tempor</p>
</li>
<li class="list-item">
<p>Nemo ipsam egestas volute turpis dolores ut aliquam quaerat sodales sapien congue and augue egestas</p>
</li>
</ul>
<h4 class="s-30 w-700">3. Destinatari o categoria di destinatari dei dati personali</h4>
<p>I dati raccolti non saranno diffusi e non saranno oggetto di comunicazione senza tuo esplicito consenso, salvo le comunicazioni necessarie all’adempimento degli obblighi di legge (consulenti e studi professionali, ad esempio studi di commercialisti). I tuoi dati potrebbero essere trasferiti in Stati membri dell’Unione Europea e in Paesi terzi non appartenenti all’Unione Europea, e comunque in paesi che garantiscono un livello adeguato di protezione dei dati e verso soggetti con i qali siano in essere strumenti contrattuali che offrono garanzie adeguate.</p>
<h4 class="s-30 w-700">4. Periodo di conservazione</h4>
<p>Fatti salvi i termini decennali di conservazione dei soli documenti e relativi dati di natura civilistica, contabile e fiscale come previsti dalle leggi in vigore. Tutti i dati riferiti alle assistenze ed utilizzabili per mantenere uno storico al fine di erogare un servizio efficiente vengono conservati per tutta la durata del rapporto e successivamente per ulteriori 5 anni, salvo revoca del consenso o richiesta di cancellazione da parte tua.</p>
<h4 class="s-30 w-700">5. Obbligo di fornire i dati e conseguenze</h4>
<p>Il conferimento dei dati è necessario per l’esecuzione del contratto e per adempiere agli obblighi legali e fiscali previsti dalle normative vigenti e/o per esercitare un diritto del titolare previsto dalla normativa vigente. La mancata comunicazione dei tuoi dati personali in relazione alla finalità indicate nella presente informativa impedirà l’esecuzione del contratto e/o del trattamento.</p>
<h4 class="s-30 w-700">6. I tuoi diritti</h4>
<p>In qualunque momento puoi esercitare i tuoi diritti, come dall’elenco che segue: Il diritto di essere informato. Hai il diritto di ricevere informazioni chiare, trasparenti e facilmente comprensibili sulle modalità in cui utilizziamo le tue informazioni e sui tuoi diritti. Questo è il motivo per cui ti forniamo le informazioni attraverso questo documento. Il diritto di accesso. Hai il diritto di ottenere l’accesso alle tue informazioni (se le stiamo trattando). Ciò ti consentirà, ad esempio, di verificare che stiamo utilizzando le tue informazioni in conformità con la legislazione in materia di protezione dei dati. Il diritto alla rettifica. Hai il diritto di correggere le tue informazioni se sono imprecise o incomplete. Il diritto alla cancellazione. Questo è anche noto come “il diritto all’oblio” e, in termini semplici, ti consente di richiedere la cancellazione o la rimozione delle informazioni che ti riguardano. Tale diritto non è assoluto e si applica solo in determinate circostanze. Il diritto alla limitazione del trattamento. Hai il diritto di “bloccare” o “sopprimere” un ulteriore utilizzo delle tue informazioni. Quando il trattamento è limitato, possiamo ancora conservare le tue informazioni, ma non utilizzarle ulteriormente. Per esercitare questi diritti puoi fare richiesta scritta al Titolare del Trattamento, i cui dati di contatto sono riportati al punto 1. Hai inoltre il diritto di inoltrare reclamo ad un’autorità di controllo (il Garante Privacy).</p>
<h4 class="s-30 w-700">7. Categorie particolari di dati personali</h4>
<p>I dati che raccogliamo sono di norma dati di tipo comune, e finalizzate ai soli scopi previsti per la fornitura dei prodotti e dei servizi richiesti, il cui trattamento per l’esecuzione di un rapporto contrattuale o per l’adempimento di obblighi di legge non richiede un tuo consenso esplicito.</p>
</div>								</div>
				</div>
					</div>
				</div>
				</div>

<p>ALLEGATO – INFORMATIVA SULLA PRIVACY E SUL TRATTAMENTO DEI DATI. Informativa resa ai sensi degli articoli 13-14 del GDPR 2016/679 (General Data Protection Regulation) ai sensi dell’art. 13 del Regolamento UE 2016/679 ed in relazione alle informazioni di cui si entrerà in possesso, ai fini della tutela delle persone e altri soggetti in materia di&hellip;</p>
